at are the prime factors of 627442470?
2, 3, 5, 1483, 1567
List the prime factors of 117413881.
13, 9031837
What are the prime factors of 138226019?
1061, 130279
List the prime factors of 436653125.
5, 139729
List the prime factors of 854757716.
2, 29, 7368601
List the prime factors of 665646091.
11, 61, 992021
List the prime factors of 7865042323.
43, 151, 1211311
What are the prime factors of 310571663?
19, 16345877
What are the prime factors of 1899434979?
3, 13, 16234487
List the prime factors of 181831831.
73, 2490847
List the prime factors of 111275408.
2, 53, 131221
List the prime factors of 203683999.
203683999
List the prime factors of 491350625.
5, 29, 27109
List the prime factors of 2135351637.
3, 237261293
What are the prime factors of 96402086?
2, 11, 19, 167, 1381
What are the prime factors of 4058665055?
5, 811733011
List the prime factors of 439566934.
2, 7937, 27691
What are the prime factors of 329169330?
2, 3, 5, 7, 23, 22717
List the prime factors of 186969824.
2, 797, 7331
List the prime factors of 295913982.
2, 3, 7, 13, 541967
What are the prime factors of 82791365?
5, 16558273
List the prime factors of 35040579.
3, 7, 19, 53, 1657
What are the prime factors of 774576101?
13, 59582777
List the prime factors of 52268100.
2, 3, 5, 59, 2953
What are the prime factors of 156305632?
2, 7, 59, 11827
List the prime factors of 901797251.
73, 373, 33119
What are the prime factors of 28063475?
5, 11, 19, 41, 131
List the prime factors of 2875147418.
2, 11, 13, 10052963
List the prime factors of 36935800.
2, 5, 11, 103, 163
List the prime factors of 8776381.
71, 1741
List the prime factors of 806810010.
2, 3, 5, 281, 95707
List the prime factors of 41016501.
3, 211, 21599
What are the prime factors of 109559510?
2, 5, 19, 191, 3019
List the prime factors of 263664715.
5, 52732943
What are the prime factors of 22962085?
5, 47, 97711
What are the prime factors of 3000704011?
1867, 1607233
What are the prime factors of 185900115?
3, 5, 1601, 7741
List the prime factors of 19523882.
2, 7, 197, 7079
What are the prime factors of 32066981?
17, 1886293
What are the prime factors of 1180342216?
2, 67, 2202131
List the prime factors of 238297450.
2, 5, 499, 9551
List the prime factors of 26457999.
3, 2441, 3613
List the prime factors of 13632834.
2, 3, 1217, 1867
What are the prime factors of 84593844?
2, 3, 2349829
List the prime factors of 153766613.
7, 11, 13, 29, 5297
List the prime factors of 108824213.
108824213
What are the prime factors of 6962310792?
2, 3, 277, 349093
What are the prime factors of 333017120?
2, 5, 859, 2423
List the prime factors of 47479097.
89, 113, 4721
List the prime factors of 290957529.
3, 37, 2621239
What are the prime factors of 1631151?
3, 60413
List the prime factors of 1694918518.
2, 847459259
List the prime factors of 1006384273.
6551, 153623
List the prime factors of 116833523.
127, 919949
What are the prime factors of 126709319?
11, 367, 31387
List the prime factors of 127797616.
2, 7987351
What are the prime factors of 1434146162?
2, 617, 1162193
List the prime factors of 6538279454.
2, 7, 467019961
List the prime factors of 44166820.
2, 5, 293, 7537
List the prime factors of 578476403.
12799, 45197
What are the prime factors of 69240551?
61, 1135091
What are the prime factors of 568646777?
5059, 112403
What are the prime factors of 393986390?
2, 5, 7, 17, 331081
List the prime factors of 43341528.
2, 3, 1805897
List the prime factors of 231769828.
2, 19, 43, 70921
What are the prime factors of 264973295?
5, 3001, 17659
List the prime factors of 7656367700.
2, 5, 571, 134087
List the prime factors of 45111706.
2, 1361, 16573
List the prime factors of 237416511.
3, 23, 3440819
What are the prime factors of 250127562?
2, 3, 17, 2452231
What are the prime factors of 39163353?
3, 37, 389, 907
What are the prime factors of 2675226206?
2, 1337613103
List the prime factors of 403634623.
7, 1087, 53047
List the prime factors of 1107942008.
2, 1301, 106451
List the prime factors of 41923281.
3, 1021, 13687
List the prime factors of 9386239.
9386239
What are the prime factors of 55885846?
2, 1511, 18493
What are the prime factors of 89214937?
7, 19, 79, 1213
What are the prime factors of 2265314162?
2, 1132657081
List the prime factors of 1144972.
2, 286243
List the prime factors of 289129657.
289129657
List the prime factors of 444618216.
2, 3, 7, 882179
What are the prime factors of 115514?
2, 7, 37, 223
What are the prime factors of 2433428090?
2, 5, 243342809
What are the prime factors of 3594468871?
7, 2609, 196817
What are the prime factors of 671558153?
7, 661, 145139
What are the prime factors of 667925694?
2, 3, 37106983
What are the prime factors of 6607706?
2, 7, 19, 24841
List the prime factors of 280434470.
2, 5, 37, 463, 1637
What are the prime factors of 1582676552?
2, 23, 8601503
List the prime factors of 631744685.
5, 11, 13, 353, 2503
List the prime factors of 1588356658.
2, 7, 1153, 14057
List the prime factors of 1880093391.
3, 11, 659, 86453
List the prime factors of 424363610.
2, 5, 11, 197, 19583
List the prime factors of 71138942.
2, 7, 43, 118171
List the prime factors of 127971308.
2, 17, 19, 37, 2677
List the prime factors of 1156004366.
2, 11, 229, 269, 853
List the prime factors of 317047123.
211, 239, 6287
What are the prime factors of 241985557?
11, 21998687
What are the prime factors of 1469111875?
5, 7, 11, 89
What are the prime factors of 2118741118?
2, 13, 81490043
List the prime factors of 205137207.
3, 11, 23, 3917
What are the prime factors of 140812039?
140812039
List the prime factors of 619981485.
3, 5, 67, 616897
List the prime factors of 563014664.
2, 71, 991223
List the prime factors of 32594017.
83, 392699
List the prime factors of 94674009.
3, 29, 37, 29411
List the prime factors of 3810384805.
5, 67, 11374283
List the prime factors of 80490187.
127, 633781
List the prime factors of 900279872.
2, 421, 33413
List the prime factors of 3170225083.
37, 41, 61, 34259
What are the prime factors of 1224306208?
2, 38259569
What are the prime factors of 17998583?
17998583
What are the prime factors of 318388620?
2, 3, 5, 11, 482407
List the prime factors of 21790316.
2, 5447579
What are the prime factors of 41021781?
3, 13673927
What are the prime factors of 1218500983?
7, 37, 96013
What are the prime factors of 1400440809?
3, 19, 199, 331, 373
What are the prime factors of 2665543824?
2, 3, 41, 451481
List the prime factors of 1053093716.
2, 1453, 181193
List the prime factors of 121264983.
3, 7, 571, 3371
List the prime factors of 104317411.
11, 9483401
What are the prime factors of 2971870742?
2, 17, 103, 193, 4397
What are the prime factors of 57525234?
2, 3, 13, 56731
List the prime factors of 1964555073.
3, 13, 5597023
What are the prime factors of 79111075?
5, 3164443
What are the prime factors of 2750182433?
29, 43, 67, 32917
What are the prime factors of 79868135?
5, 15973627
List the prime factors of 686819.
7, 59, 1663
List the prime factors of 322109528.
2, 13, 3097207
What are the prime factors of 1476088777?
19, 29, 31, 103, 839
List the prime factors of 25585214.
2, 191, 66977
List the prime factors of 47445613.
47445613
What are the prime factors of 40576190?
2, 5, 307, 13217
What are the prime factors of 4360977545?
5, 31, 28135339
List the prime factors of 242645553.
3, 71, 379727
What are the prime factors of 225981583?
225981583
List the prime factors of 3504711481.
19, 184458499
List the prime factors of 7522362376.
2, 61, 83, 229, 811
What are the prime factors of 147628840?
2, 5, 3690721
What are the prime factors of 5504144625?
3, 5, 7, 698939
List the prime factors of 1275133821.
3, 13, 32695739
List the prime factors of 116368662.
2, 3, 19394777
List the prime factors of 452074311.
3, 13, 1287961
What are the prime factors of 2257996194?
2, 3, 4937, 25409
List the prime factors of 694193524.
2, 10177, 17053
What are the prime factors of 1142718883?
1142718883
What are the prime factors of 1032859909?
1032859909
List the prime factors of 269280898.
2, 137, 982777
What are the prime factors of 1017849?
3, 7, 19, 2551
List the prime factors of 4223050428.
2, 3, 19, 18522151
What are the prime factors of 4555264796?
2, 137, 8312527
List the prime 